= 5*v - 2*r - 52. Let z = -12 + v. Suppose z = -4*i - 14 + 42. Give b(i).
-7
Let r(w) = -7*w - 1. Suppose -h = 2 - 4. Suppose h*y + 0 = -5*o - 17, 3*y + 6 = -o. Determine r(y).
6
Let d(s) be the first derivative of s**4/4 + 5*s**3/3 + s**2 + 5*s - 2. Suppose -15*h + 11*h = 5*g - 5, -5*h - 4*g - 5 = 0. Give d(h).
-5
Let p(i) = -27*i - 2. Let r be p(-1). Suppose 4*u = -u - r. Let w(d) = -2*d - 7. Give w(u).
3
Let j be ((-1)/2)/((-3)/18). Suppose 0 = -4*d - 5*s + 37, 5*d + s + j*s - 35 = 0. Let r(h) = -2*h - 3 - d*h + 4*h. Calculate r(-6).
3
Suppose 2*f = -4*j - 18, 0*f + f - 15 = 2*j. Let l(p) = 1. Let n(u) = -u + 2. Let w(x) = 4*l(x) - n(x). Calculate w(j).
-4
Suppose 6*i - 11 = -101. Let y be (((-12)/i)/2)/((-1)/5). Let v(g) = -2*g**2 - g + 1. Give v(y).
-5
Let s(b) be the third derivative of 0*b**4 + 1/60*b**5 - 1/6*b**3 + 0 - 1/10*b**6 + 0*b - 39*b**2. Let y = -2 - -1. What is s(y)?
12
Let p(r) = r + 1. Let q(c) = -c - 1. Let l = 0 - 4. Let f(h) = l*q(h) - 3*p(h). Suppose -130*s - 45 = -139*s. What is f(s)?
6
Let k(y) = -y**3. Let i(t) = 3*t**3 - t**2 - 5*t. Let a(x) = -i(x) - 6*k(x). Let r(j) = 2*j**3 + 2*j**2 + 4*j - 1. Let c(v) = -3*a(v) + 4*r(v). What is c(5)?
1
Let p(f) = f**2 + f - 2. Let u(r) be the third derivative of r**6/120 - r**5/12 + r**4/6 - r**3/3 - 3*r**2 + 1. Suppose -3*q + 6 = -6. Let d be u(q). Give p(d).
0
Let b(g) = -3*g - 3. Suppose 0 = -y - 4. Let q be (-3)/((-1)/(-3 - y)). Let h(t) = t**2 - 3*t - 5. Let n be h(q). Calculate b(n).
12
Let c(o) = -o - 1. Let d(f) = -3*f - 12. Let u(i) = 4*c(i) - d(i). Suppose -17*p - 127 = 1709. Let t = 112 + p. What is u(t)?
4
Suppose x - 4 = -0*x. Let w(i) = 2 + x - 5. Let f(m) = m - 1. Let c(j) = f(j) - 2*w(j). Determine c(5).
2
Let m(s) = -s**3 + 13*s**2 - 12*s + 39. Let j be m(12). Let z(x) = -3 - j*x + 46*x + 4 + 6 + x**2. What is z(-6)?
1
Suppose 0 = 4*r - 5*r, h + 4*r = 7. Let f(v) = -v**3 + 8*v**2 - 10*v + 1. What is f(h)?
-20
Let q be (-12)/(-7) - 2/(-7). Let g(i) = i**2 + 5*i**2 - 2*i**q - i. Let c(n) = -n**3 + 29*n**2 - 104*n + 101. Let u be c(25). Determine g(u).
3
Let q(m) = 20*m**2 + 3 + 32*m**2 - 14*m + 28*m**2 - 21*m**2. Let t(i) = 20*i**2 - 5*i + 1. Let k(u) = -3*q(u) + 8*t(u). Calculate k(1).
-16
Let s be (-203)/(-42) + 25/(-30). Let f(n) = 12 + 18 + 4*n - 25 - n**2. Calculate f(s).
5
Let z(g) = 4*g + 1. Let s(k) = 7*k + 1. Let v(b) = 3*s(b) - 5*z(b). Let f be v(6). Suppose 2 = -5*i + f*i. Let n(t) = 2*t**3 + t**2 - 2*t - 2. What is n(i)?
-10
Suppose -2*j = j - 9. Let k(q) = 0*q + j*q + q**2 - 2*q**2 + 1. Suppose 0 = -2509*a + 2480*a + 61 - 3. Determine k(a).
3
Suppose 0*s = 2*s - 12. Let p(k) = 0*k + k**2 + 3 - s + 3*k**2 - 2*k. Determine p(-2).
17
Let m(h) = h**2 + 3*h + 5. Let x(i) = -i**3 - i**2 + 4*i + 6. Let z be x(-2). Let j be z/(-4)*5*(-272)/(-170). Calculate m(j).
9
Suppose 0 = 4*o, a = -0*o - 4*o + 10. Let j = 29 - a. Suppose -11 = 6*h + j. Let v(f) = f**2 + 3*f - 5. Give v(h).
5
Let c(w) = w**3 + 6*w**2 + 9*w + 9. Let s(o) = -2*o**2 - o - 2. Let i(m) = c(m) + 5*s(m). Let d = 4 - 1. Calculate i(d).
2
Suppose -3*k = k + 16, y + 2*k = 9. Let r be (3 - 7)/2 + -8. Let m = r + y. Let f(o) = o**2 - 8*o + 9. What is f(m)?
2
Let f be 6*8/72 + 86/6. Let g(r) = -2*r**2 + 28*r + 33. Let h be g(f). Let m(z) = 8*z - 1. Determine m(h).
23
Let h(a) = 4*a. Let i(c) = -28*c. Let k = -81 - -101. Let v(x) = k*h(x) + 3*i(x). Let q be 1/(-4) + 17/4. Give v(q).
-16
Let t(n) = n + 1510 - 1510. Give t(-5).
-5
Let r = -74 + 255. Let z(u) = -360*u**2 + r*u**2 + 1 + 2*u + u**3 + 184*u**2. Let i = 1 - 5. Give z(i).
9
Let h(a) = -10 + 3*a - a + 2*a. Let p(y) = -3*y + 5. Let j(x) = -24*x + 39. Let r(m) = -6*j(m) + 51*p(m). Let n(d) = -7*h(d) - 3*r(d). Give n(4).
3
Let j(b) = b**2 - 6*b - 3*b + 671 - b - 662. Determine j(8).
-7
Let b(h) be the second derivative of -h**3/6 - 6*h**2 + h - 366. Give b(-10).
-2
Let q(r) = 4*r**2 - 3*r + 8. Let o(c) = 3*c**2 - 5*c + 8. Let n(y) = -3*o(y) + 2*q(y). What is n(7)?
6
Let q(d) = -7*d**3 + 2*d**2 - 2*d - 4. Let j(a) = a**3 - a**2. Let z(k) = 6*j(k) + q(k). Suppose 2*s = 2*w, -8*s = -5*s - 2*w + 4. Calculate z(s).
4
Suppose 0 = -32*b + 116 + 76. Let q(y) be the second derivative of -1/12*y**4 + 0 - 4/3*y**3 + b*y + 2*y**2. What is q(-6)?
16
Let m(b) = b**2 - b + 1. Let l(n) = -7 + 8*n**2 - 2 + 4*n**2 - 18*n**2. Let s(p) = -l(p) - 5*m(p). What is s(-4)?
0
Let h be (5/2)/((-3)/(-6)). Let l = -8 - -20. Let r(n) = 10 + 0*n + 4*n - 6*n**2 + n**3 - l. What is r(h)?
-7
Let i(b) = b**2 - 3*b + 1. Suppose -5*l + 1 + 24 = 0. Let p be l/2*(-16)/(-8). Let w = 8 - p. Calculate i(w).
1
Let c(j) = 12*j. Suppose 3*h = -2*h. Suppose 5*w - f + 5*f + 9 = h, -4*w = -4*f. What is c(w)?
-12
Let m(i) = 2*i + 9 + i + 1 - 2*i. Let x = 106 - 113. Give m(x).
3
Suppose -n - 3*u = 2*u, -3*u = 6. Suppose 0 = -d + 12 - n. Let s(q) = -5*q + 0*q + d*q - 3. Calculate s(-2).
3
Let m(r) = 25 - 9 - 13*r - 15 + 11*r. Let j(y) = -y**3 + 7*y**2 + 8*y + 1. Let u be j(8). Let a(z) = 5*z**3 + z**2 - z. Let x be a(u). Calculate m(x).
-9
Let v(r) = 3*r + 3 + 6 + 3*r - r**3 + 7*r**2. Let j be v(8). Let f(d) = -46 - 3*d + 6 + 30. What is f(j)?
11
Suppose -2*p = -0*p - 4. Let z(o) = -o**3 + 6*o**2 + 6*o**2 + 6*o - 6*o**p + 9. Determine z(7).
2
Let d(g) = -4 - 4*g**2 - g**2 - g**3 + 3*g + 2*g**2. Let t be -5*16/((-20)/5). Suppose -t = -126*o + 131*o. Give d(o).
0
Let x(u) = -u**3 + 6*u**2 + u - 5. Suppose -12*i + 33 - 9 = 0. Let f(n) = n**3 - 6*n**2 + 6. Let s(c) = i*x(c) + 3*f(c). What is s(6)?
20
Let l(z) = 3*z. Let h(r) be the first derivative of -r**2/2 + 2. Let m(w) = -4*h(w) - 2*l(w). Let q = 17 - 20. Give m(q).
6
Let h(a) = -7*a**3 - 14*a**2 + 20*a + 2. Let g(n) = -20*n**3 - 41*n**2 + 55*n + 8. Let m(j) = -6*g(j) + 17*h(j). Calculate m(-6).
-2
Let b(d) = -4*d**3 - 2*d - 6. Let y = -52 + 60. Let s(g) = 11*g**3 + 5*g + 18. Let v(i) = y*b(i) + 3*s(i). What is v(0)?
6
Let b(n) be the first derivative of -n**4/24 - n**3/6 - 12*n**2 + 3. Let g(a) be the second derivative of b(a). Give g(-1).
0
Let h be 0 - (24/3)/(-4). Let t(b) = 3*b**2 - 4*b - b**3 + 5*b**2 - 3*b**h - 2*b. Determine t(4).
-8
Let f(v) = v**2 - 13*v - 1. Let j be -6 - 376/(-24) - (-2)/(-3). Give f(j).
-37
Let w(z) = -z**2 - 6*z. Let f be (561/34)/((-2)/12). Let c = 92 + f. Calculate w(c).
-7
Let u be 34/10 - 1/((-35)/(-14)). Let b(v) = v - 4. Give b(u).
-1
Let w(p) be the third derivative of -p**4/8 + 7*p**3/6 + 3*p**2. Let a = -399 + 394. Give w(a).
22
Let q(n) = -15*n**3 - n - 1. Let l(i) = i**2 + 5*i - 7. Let d be l(-6). Determine q(d).
15
Let p(k) = k - 1. Let m(l) = l**3 - 4*l**2 - 7*l - 2. Let o be m(5). Let f be ((-45)/o)/5 + 2/8. Calculate p(f).
0
Let c(m) = m**3 + 8*m**2 + 8*m + 4. Suppose 2*w + 12 = -0*w. Give c(w).
28
Suppose 5*g - 2*g - 1 = -t, -1 = -2*g - t. Let n(o) be the third derivative of -o**4/24 + o**3/6 - 305*o**2. Calculate n(g).
1
Let j(r) = 7*r + 1. Suppose -7*v + 6*v - 40 = 0. Let m = v + 41. What is j(m)?
8
Let h be (3 - 0)*(-28)/(-6). Let m = -11 + h. Suppose m*f = 8*f - i + 25, -4*f + 4 = 4*i. Let z(w) = -w**3 - 3*w**2 + 3*w. Determine z(f).
4
Let n(r) = -3*r**2 + 8*r + 1. Let m be n(3). Let j(w) = -w - 5. Determine j(m).
-3
Let m(g) = 9*g + 3. Let y(c) = 14*c + 5. Let p(v) = 8*m(v) - 5*y(v). Let h = -5 - -9. Suppose i - 3*a = -6, 5*i + 4*a + 15 = h. Determine p(i).
-7
Let s(n) = n**3 - 5*n**2 + 6*n - 1. Let h be s(4). Suppose -7*k = -0*k + h. Let l(f) = -f**2 + 1. What is l(k)?
0
Let h(t) = 2*t - 6. Suppose 16*k - 6 = 18*k. Give h(k).
-12
Suppose -5*d + 3*p = 7*p - 3, 5*p = -3*d + 7. Let s(m) = 12*m + 17. Let f(w) = -9*w - 12. Let n(j) = 7*f(j) + 5*s(j). Give n(d).
4
Let c(h) be the second derivative of h**3/3 + 12*h**2 - 676*h. Calculate c(-7).
10
Let f(x) be the first derivative of -1/2*x**2 - 14*x - 9. Give f(0).
-14
Let i(u) = 7*u**2 - u - 6. Let v be i(1). Let j(w) be the third derivative of 5/3*w**3 + 0 + v*w - 1/24*w**4 - 5*w**2. What is j(0)?
10
Suppose -4*r = -5*d + 3 + 15, 0 = -d + r + 4. Let n(h) = -d*h - 9 + 7 + h. Determine n(-8).
6
Let g(f) be the third derivative of f**7/5040 - f**6/240 - 7*f**5/10 - 26*f**2. Let t(i) be the third derivative of g(i). Determine t(-3).
-6
Let d(f) = f**3 - 4*f**2 + 5*f - 4. Let n be (48/6 + -11)*(0 + -1). Determine d(n).
2
Suppose -4*q + 4 = 3*f + f, -